{"id":139,"date":"2021-03-12T12:08:53","date_gmt":"2021-03-12T11:08:53","guid":{"rendered":"http:\/\/etude-successorale.fr\/?page_id=139"},"modified":"2024-10-31T08:30:44","modified_gmt":"2024-10-31T07:30:44","slug":"missions","status":"publish","type":"page","link":"https:\/\/etude-successorale.fr\/?page_id=139","title":{"rendered":"Missions"},"content":{"rendered":"\n<div class=\"wp-block-columns is-layout-flex wp-container-core-columns-is-layout-9d6595d7 wp-block-columns-is-layout-flex\">\n<div class=\"wp-block-column is-layout-flow wp-block-column-is-layout-flow\">\n<p><strong>Recherche d\u2019h\u00e9ritiers<\/strong><\/p>\n\n\n\n<p>La tr\u00e8s grande majorit\u00e9 des dossiers confi\u00e9s au g\u00e9n\u00e9alogiste concerne la recherche d&#8217;h\u00e9ritiers. Lorsqu&#8217;une personne d\u00e9c\u00e8de sans avoir pris de dispositions testamentaires et qu&#8217;aucun h\u00e9ritier ne revendique sa succession pour en ignorer l&#8217;origine, le g\u00e9n\u00e9alogiste se met \u00e0 leur recherche.<\/p>\n\n\n\n<p>L\u2019h\u00e9ritier intervient \u00e0 la succession selon un ordre pr\u00e9cis \u00e9tablit par le Code civil :<\/p>\n\n\n\n<ul class=\"wp-block-list\">\n<li>conjoint survivant&nbsp;<\/li>\n\n\n\n<li>ligne directe : enfants, petits-enfants, arri\u00e8res petits-enfants, etc., par repr\u00e9sentation en cas de pr\u00e9d\u00e9c\u00e8s<\/li>\n\n\n\n<li>ligne collat\u00e9rale privil\u00e9gi\u00e9e : fr\u00e8res, s\u0153urs, neveux et ni\u00e8ces, petits-neveux et petites-ni\u00e8ces, etc., par repr\u00e9sentation \u00e9galement en cas de pr\u00e9d\u00e9c\u00e8s<\/li>\n\n\n\n<li>ligne collat\u00e9rale ordinaire : oncles, tantes, cousins germains (4\u00b0 degr\u00e9) et cousins issus de germain (5\u00b0 et 6\u00b0 degr\u00e9s, dernier successible). Il est \u00e0 noter qu&#8217;en cas de recherches en ligne collat\u00e9rale ordinaire, celles-ci s&#8217;effectuent d&#8217;une part dans la ligne paternelle, et d&#8217;autre part dans la ligne maternelle, chacune de ces lignes \u00e9tant ind\u00e9pendantes l&#8217;une de l&#8217;autre, tant en nombre d&#8217;h\u00e9ritiers retrouv\u00e9s ou encore de leur degr\u00e9 de parent\u00e9.<\/li>\n<\/ul>\n<\/div>\n<\/div>\n\n\n\n<p><strong>V\u00e9rification de d\u00e9volution<\/strong><\/p>\n\n\n\n<p>Le notaire est \u00e0 m\u00eame d&#8217;appr\u00e9cier si les \u00e9l\u00e9ments fournis par les h\u00e9ritiers lui paraissent suffisants pour \u00e9tablir la d\u00e9volution. Si l&#8217;un de ces \u00e9l\u00e9ments venait \u00e0 manquer, comme un livret de famille par exemple, le g\u00e9n\u00e9alogiste intervient alors afin de confirmer la d\u00e9volution.&nbsp;<\/p>\n\n\n\n<p>Par ailleurs en ligne collat\u00e9rale ordinaire, il est possible \u00e9galement qu&#8217;une v\u00e9rification de d\u00e9volution soit n\u00e9cessaire dans une ligne et qu&#8217;une recherche d\u2019h\u00e9ritiers intervienne dans l\u2019autre.<\/p>\n\n\n\n<p><strong>Origine de propri\u00e9t\u00e9<\/strong><\/p>\n\n\n\n<p>Lors d&#8217;un partage, d&#8217;une donation, d&#8217;une vente ou encore d&#8217;une succession, il arrive que le titre de propri\u00e9t\u00e9 ne soit pas en possession du propri\u00e9taire. Le g\u00e9n\u00e9alogiste se met alors en qu\u00eate de retrouver l&#8217;origine de propri\u00e9t\u00e9 afin de prouver que la personne est bien titr\u00e9e.<\/p>\n\n\n\n<p><strong>Recherche d&#8217;ayants droit<\/strong><\/p>\n\n\n\n<p>Un bien immobilier b\u00e2ti ou pas, r\u00e9put\u00e9 sans ma\u00eetre, peut faire l&#8217;objet d&#8217;une recherche d&#8217;ayants droit. Le g\u00e9n\u00e9alogiste r\u00e9v\u00e8le ainsi aux h\u00e9ritiers l&#8217;origine d&#8217;un bien dont ils sont les b\u00e9n\u00e9ficiaires. Cette recherche s&#8217;applique \u00e9galement aux contrats d&#8217;assurance vie en d\u00e9sh\u00e9rence ainsi qu&#8217;aux comptes bancaires inactifs.<\/p>\n\n\n\n<div class=\"wp-block-columns is-layout-flex wp-container-core-columns-is-layout-9d6595d7 wp-block-columns-is-layout-flex\">\n<div class=\"wp-block-column is-layout-flow wp-block-column-is-layout-flow\" style=\"flex-basis:100%\">\n<p><\/p>\n<\/div>\n<\/div>\n\n\n\n<p class=\"has-text-align-center has-small-font-size\">Etude Successorale Christophe Brun &#8211; 5, rue des bengalis 34090 MONTPELLIER &#8211; 06.29.21.07.69 &#8211; ch.brun.escb@gmail.com<br>SAS au capital de 1000\u20ac &#8211; RCS MONTPELLIER 893977660 &#8211; TVA : FR71893977660 &#8211; code APE : 9609Z &#8211; www.etude-successorale.fr.<br>Membre de la Chambre des G\u00e9n\u00e9alogistes Professionnels &#8211; Responsabilit\u00e9 civile professionnelle : MMA IARD 127.120.689<\/p>\n\n\n\n<p><\/p>\n","protected":false},"excerpt":{"rendered":"<p>Recherche d\u2019h\u00e9ritiers La tr\u00e8s grande majorit\u00e9 des dossiers confi\u00e9s au g\u00e9n\u00e9alogiste concerne la recherche d&#8217;h\u00e9ritiers. Lorsqu&#8217;une personne d\u00e9c\u00e8de sans avoir [&hellip;]<\/p>\n","protected":false},"author":1,"featured_media":0,"parent":0,"menu_order":0,"comment_status":"closed","ping_status":"closed","template":"","meta":{"footnotes":""},"class_list":["post-139","page","type-page","status-publish","hentry"],"_links":{"self":[{"href":"https:\/\/etude-successorale.fr\/index.php?rest_route=\/wp\/v2\/pages\/139","targetHints":{"allow":["GET"]}}],"collection":[{"href":"https:\/\/etude-successorale.fr\/index.php?rest_route=\/wp\/v2\/pages"}],"about":[{"href":"https:\/\/etude-successorale.fr\/index.php?rest_route=\/wp\/v2\/types\/page"}],"author":[{"embeddable":true,"href":"https:\/\/etude-successorale.fr\/index.php?rest_route=\/wp\/v2\/users\/1"}],"replies":[{"embeddable":true,"href":"https:\/\/etude-successorale.fr\/index.php?rest_route=%2Fwp%2Fv2%2Fcomments&post=139"}],"version-history":[{"count":14,"href":"https:\/\/etude-successorale.fr\/index.php?rest_route=\/wp\/v2\/pages\/139\/revisions"}],"predecessor-version":[{"id":246,"href":"https:\/\/etude-successorale.fr\/index.php?rest_route=\/wp\/v2\/pages\/139\/revisions\/246"}],"wp:attachment":[{"href":"https:\/\/etude-successorale.fr\/index.php?rest_route=%2Fwp%2Fv2%2Fmedia&parent=139"}],"curies":[{"name":"wp","href":"https:\/\/api.w.org\/{rel}","templated":true}]}}